base 13, what is a - -411bab?
411bb8
In base 11, what is 267790 - -8?
267798
In base 8, what is 1 - -46233667?
46233670
In base 11, what is -360102 - 15?
-360117
In base 10, what is -16454729 - -5?
-16454724
In base 5, what is -3 + -34022130?
-34022133
In base 16, what is 2d695 - -1d7?
2d86c
In base 3, what is 10 - 200221202221?
-200221202211
In base 5, what is 21100124 - -3222?
21103401
In base 10, what is 158 + -2586903?
-2586745
In base 6, what is 232 - 1501334?
-1501102
In base 2, what is -111101110010100011100010001 - 101?
-111101110010100011100010110
In base 2, what is -100011 + 1011110100100110001100100?
1011110100100110001000001
In base 14, what is -43999b3 + 2?
-43999b1
In base 16, what is -4 - 2143b8?
-2143bc
In base 13, what is -541ab - -81?
-5412a
In base 15, what is -6602d - 6c6?
-66704
In base 14, what is -2c16 + 153?
-2aa3
In base 13, what is -31a37 - 33?
-31a6a
In base 10, what is 0 - 1849742?
-1849742
In base 10, what is 11826 + 1996?
13822
In base 9, what is 2088 + -33808?
-31710
In base 2, what is -10111101 - 110001010010?
-110100001111
In base 9, what is 3710167 + -2?
3710165
In base 13, what is 615812 + 16?
615828
In base 13, what is -22aa7 + -ac?
-22b86
In base 12, what is 39 - 6578b8?
-65787b
In base 9, what is 302407 - -236?
302644
In base 13, what is 1 + -2b3aa68?
-2b3aa67
In base 10, what is 1868 - -599?
2467
In base 4, what is 12322003232 - 10?
12322003222
In base 2, what is -100100010000100101 + 11?
-100100010000100010
In base 4, what is -32 + 13103202222?
13103202130
In base 12, what is 15214b + -80?
15208b
In base 3, what is 10111200221010 + -20?
10111200220220
In base 13, what is -4a - 3a2527?
-3a2574
In base 2, what is 110111110010 - -100110001111?
1011110000001
In base 12, what is 10 - -87005?
87015
In base 8, what is -1175662 - 0?
-1175662
In base 10, what is 354799714 - 0?
354799714
In base 6, what is 3510450425 + 24?
3510450453
In base 6, what is -313 + 11324033?
11323320
In base 7, what is 3650136 + -42?
3650064
In base 15, what is -201 + 16548?
16347
In base 13, what is 87 - -13853b?
1385c5
In base 14, what is -3c64b - -1?
-3c64a
In base 14, what is -5b87b - 2c?
-5b8a9
In base 3, what is 10 + 1012212022221210?
1012212022221220
In base 8, what is -416152 + 3510?
-412442
In base 12, what is -32b - 1949b7?
-195126
In base 5, what is -2030111 - -1104?
-2024002
In base 2, what is 111 + -10010100101000110100?
-10010100101000101101
In base 7, what is 1541446 - -3?
1541452
In base 7, what is -3 - 145030643?
-145030646
In base 8, what is 43367150 + 43?
43367213
In base 5, what is 401203232201 - 4?
401203232142
In base 13, what is 55b18 + -62?
55a86
In base 3, what is 202002020020112021 - 0?
202002020020112021
In base 14, what is 1811791 - -3?
1811794
In base 2, what is -1010011011111011110010 + 1110?
-1010011011111011100100
In base 8, what is 2310152 + -111?
2310041
In base 7, what is -14 + 23353564?
23353550
In base 7, what is 11640234 - -31?
11640265
In base 13, what is 1668457 + 9?
1668463
In base 9, what is 216 + -1785?
-1568
In base 5, what is -4 - -1101104244?
1101104240
In base 10, what is 493687 + 36?
493723
In base 9, what is -15681347 + -5?
-15681353
In base 9, what is 2230 + 37851?
41181
In base 6, what is -55004 + -13003?
-112011
In base 9, what is 21203 + 468?
21672
In base 7, what is -323 - -2556040?
2555414
In base 14, what is 4 + -4d1281b?
-4d12817
In base 13, what is -741 - -132?
-60c
In base 12, what is 1a8ba3 - 160?
1a8a43
In base 8, what is 24246 - -3110?
27356
In base 14, what is -b - 4048b1?
-4048bc
In base 13, what is 1c509384 + 5?
1c509389
In base 14, what is 18 - -125b90?
125ba8
In base 4, what is -3 + -323100313202?
-323100313211
In base 2, what is 101 - 100000110000100?
-100000101111111
In base 10, what is -3 + -24410137?
-24410140
In base 15, what is 8053d - -9?
80547
In base 9, what is 201 + -322?
-121
In base 16, what is 5 + -b20b3?
-b20ae
In base 11, what is 356310 + 0?
356310
In base 9, what is -14276 + -2315?
-16602
In base 4, what is 30 + -203122001212?
-203122001122
In base 14, what is 273 + 1c6a?
20dd
In base 12, what is 74 - -298a?
2a42
In base 7, what is -3332 + 66216?
62554
In base 16, what is -3 + 139658?
139655
In base 10, what is -3044 - 5369?
-8413
In base 12, what is -3 + -48599b59?
-48599b60
In base 6, what is 5 + -425230102?
-425230053
In base 16, what is -72 - 71fe7?
-72059
In base 6, what is 444144404 + -4?
444144400
In base 14, what is -15d13 - -ba?
-15c37
In base 14, what is -8c9a29 + 22?
-8c9a07
In base 16, what is -b + -172dd0?
-172ddb
In base 3, what is -10 + -1000120221011?
-1000120221021
In base 11, what is 23a62523 - -5?
23a62528
In base 13, what is -788c4 + -16?
-7890a
In base 6, what is 55254 + -241020?
-141322
In base 7, what is 1 - 220025416?
-220025415
In base 15, what is -495e - -1b52?
-2d0c
In base 10, what is 2 - -2748356?
2748358
In base 2, what is -11111101110001001011011 + 1100?
-11111101110001001001111
In base 2, what is -10001001110111011100101010 + 10?
-10001001110111011100101000
In base 7, what is -232411 + 2455?
-226623
In base 7, what is -1 + 536521?
536520
In base 8, what is -47256550 - -4?
-47256544
In base 6, what is -11335503 + 1410?
-11334053
In base 8, what is -3506605 + 1?
-3506604
In base 10, what is 11643486 + 2?
11643488
In base 16, what is 13281 + -365?
12f1c
In base 6, what is -33123 + 1124234?
1051111
In base 12, what is 6484709 - -41?
648474a
In base 16, what is 1e6ba + 54?
1e70e
In base 15, what is 26cd0 + -6?
26cc9
In base 4, what is 100100 + -1110231?
-1010131
In base 7, what is 65604 - -61205?
160112
In base 15, what is -6 + 64dadb2?
64dadab
In base 13, what is -2 - -5c130cb?
5c130c9
In base 8, what is 2232 - 27677?
-25445
In base 2, what is -11000 + 111110100101011000?
111110100101000000
In base 5, what is -20002233241 + 24?
-20002233212
In base 8, what is 514 + -4455724?
-4455210
In base 4, what is -13 - 2232030?
-2232103
In base 4, what is 103213 - -100032032?
100201311
In base 2, what is -101111110001000001101001 + -10000?
-101111110001000001111001
In base 16, what is 9 - 20285?
-2027c
In base 5, what is 20301 - 1123113?
-1102312
In base 11, what is -755 + 4a013?
49369
In base 8, what is 5763502 + 112?
5763614
In base 9, what is -2802 - 445425?
-448327
In base 11, what is 4736a + -1658?
45812
In base 7, what is -54134602045 - 2?
-54134602050
In base 4, what is 223021110212 + 1?
223021110213
In base 11, what is 46a29 + 6a?
46a98
In base 15, what is -13 + 29cc1?
29cad
In base 11, what is -2955301 - 14?
-2955315
In base 2, what is -1001 - 11101001100010111?
-11101001100100000
In base 10, what is -90819798 - -3?
-90819795
In base 14, what is b61 - ca7?
-146
In base 2, what is 110110100111 + -1111000010011?
-1000001101100
In base 2, what is 1101110100 + -101001011011001?
-100111101100101
In base 15, what is 4 - 2eaae82?
-2eaae7d
In base 13, what is 1b9a + 87c3?
a690
In base 9, what is -160 - -416277?
416117
In base 3, what is -22110022100220 + -2112?
-22110022110102
In base 3, what is 11 + -22210220221202?
-22210220221121
In base 10, what is -8235157 + 5?
-8235152
In base 4, what is 3200 + 1102200233?
1102210033
In base 10, what is -4 - -38444045?
38444041
In base 6, what is -40 - -404104041?
404104001
In base 4, what is -12 - 11033211323?
-11033212001
In base 6, what is -232501 + 121?
-232340
In base 6, what is 22531353041 + 3?
22531353044
In base 13, what is -265251 + -182?
-265403
In base 6, what is 1213445133 + 13?
1213445150
In base 4, what is 21021 - -13110013?
13131100
In base 10, what is -6 - -103685139?
103685133
In base 14, what is 85d11 - -64?
85d75
In base 11, what is -24 + 714709?
714695
In base 5, what is 3 - 1110314344?
-1110314341
In base 5, what is -1012211 + -2143?
-1014404
In base 4, what is 223320122032 - 10?
223320122022
In base 5, what is 10300233211 + 4?
10300233220
In base 4, what is -1023301 - 111301?
-1201202
In base 15, what is 8 - -58d7cc?
58d7d5
In base 8, what is -3 + -233271210?
-233271213
In base 13, what is -192579 - 41?
-1925ba
In base 2, what is -11011100011001001 + 110001?
-11011100010011000
In base 7, what is 33304 + 55106?
121413
In base 11, what is -138 + -515638?
-515775
In base 8, what is -21011 + -2042?
-23053
In base 8, what is -54 + 1245766?
1245712
In base 4, what is -202231120